{"id":9850,"date":"2023-08-25T16:49:40","date_gmt":"2023-08-25T16:49:40","guid":{"rendered":"https:\/\/goodbike2.goodbikestore.com\/shop\/?post_type=product&#038;p=9850"},"modified":"2023-08-25T16:50:00","modified_gmt":"2023-08-25T16:50:00","slug":"bmc-roadmachine-seven","status":"publish","type":"product","link":"https:\/\/goodbike2.goodbikestore.com\/shop\/product\/bmc-roadmachine-seven\/","title":{"rendered":"Bmc roadmachine seven"},"content":{"rendered":"","protected":false},"excerpt":{"rendered":"<p style=\"text-align: center;\">Los modelos Roadmachine cuentan con el TCC Endurance, la versi\u00f3n m\u00e1s capaz de nuestra tecnolog\u00eda Tuned compliance concept, que elimina las incomodidades propias de las carreteras \u00a0m\u00e1s complicadas, lo que te permite empujar m\u00e1s y rodar m\u00e1s lejos. El resultado final es el m\u00e1ximo equilibrio entre comodidad y rendimiento.<\/p>\n<p><b>\u00a0 \u00a0Especificaciones\u00a0<\/b><\/p>\n<ul>\n<li>Cuadro: Carbon Premium, utilizando la tecnolog\u00eda TCC Endurance.<\/li>\n<li>Tijera:\u00a0Carbon Premium, utilizando la tecnolog\u00eda TCC Endurance.<\/li>\n<li>Frenos: Shimano 105, RT54 Rotores (160\/160)<\/li>\n<li>Desviador trasero: Shimano 105<\/li>\n<li>Desviador delantero: Shimano 105<\/li>\n<li>Crankset: \u00a0<span class=\"product-attributes__value\">Shimano FC-RS510 <\/span><\/li>\n<li>Cassette: Shimano 105 11-32T<\/li>\n<li>Palancas: Shimano 105<\/li>\n<li>Manubrio: BMC RAB 03, Ergo Top Shape, Compact Bend.<\/li>\n<\/ul>\n","protected":false},"featured_media":9873,"comment_status":"open","ping_status":"closed","template":"","meta":{"nf_dc_page":""},"product_brand":[],"product_cat":[220,221,24,227],"product_tag":[198],"class_list":{"0":"post-9850","1":"product","2":"type-product","3":"status-publish","4":"has-post-thumbnail","6":"product_cat-bicicletas","7":"product_cat-bmc","8":"product_cat-marca","9":"product_cat-ruta-bicicletas","10":"product_tag-bmc","12":"first","13":"instock","14":"taxable","15":"shipping-taxable","16":"product-type-variable"},"jetpack_sharing_enabled":true,"_links":{"self":[{"href":"https:\/\/goodbike2.goodbikestore.com\/shop\/wp-json\/wp\/v2\/product\/9850","targetHints":{"allow":["GET"]}}],"collection":[{"href":"https:\/\/goodbike2.goodbikestore.com\/shop\/wp-json\/wp\/v2\/product"}],"about":[{"href":"https:\/\/goodbike2.goodbikestore.com\/shop\/wp-json\/wp\/v2\/types\/product"}],"replies":[{"embeddable":true,"href":"https:\/\/goodbike2.goodbikestore.com\/shop\/wp-json\/wp\/v2\/comments?post=9850"}],"wp:featuredmedia":[{"embeddable":true,"href":"https:\/\/goodbike2.goodbikestore.com\/shop\/wp-json\/wp\/v2\/media\/9873"}],"wp:attachment":[{"href":"https:\/\/goodbike2.goodbikestore.com\/shop\/wp-json\/wp\/v2\/media?parent=9850"}],"wp:term":[{"taxonomy":"product_brand","embeddable":true,"href":"https:\/\/goodbike2.goodbikestore.com\/shop\/wp-json\/wp\/v2\/product_brand?post=9850"},{"taxonomy":"product_cat","embeddable":true,"href":"https:\/\/goodbike2.goodbikestore.com\/shop\/wp-json\/wp\/v2\/product_cat?post=9850"},{"taxonomy":"product_tag","embeddable":true,"href":"https:\/\/goodbike2.goodbikestore.com\/shop\/wp-json\/wp\/v2\/product_tag?post=9850"}],"curies":[{"name":"wp","href":"https:\/\/api.w.org\/{rel}","templated":true}]}}