{"id":9571,"date":"2023-08-25T16:46:22","date_gmt":"2023-08-25T16:46:22","guid":{"rendered":"https:\/\/goodbike2.goodbikestore.com\/shop\/?post_type=product&#038;p=9571"},"modified":"2023-08-25T16:46:53","modified_gmt":"2023-08-25T16:46:53","slug":"bicicleta-orbea-occam-m30","status":"publish","type":"product","link":"https:\/\/goodbike2.goodbikestore.com\/shop\/product\/bicicleta-orbea-occam-m30\/","title":{"rendered":"Bicicleta orbea occam m30"},"content":{"rendered":"","protected":false},"excerpt":{"rendered":"<p>\u00bfTemen tus amigos que lo que comienza como una invitaci\u00f3n a una vuelta suave termine en una aventura para recordar? \u00bfTus rutas favoritas incluyen subidas \u00e9picas y descensos que no est\u00e1n en ning\u00fan mapa? \u00bfComienzan tus rutas cuando todav\u00eda no ha amanecido y terminan con cerveza y grandes amistades de ruta? \u00bfTu bici debe hacerlo todo bien, llevarte all\u00ed donde sue\u00f1as y traerte de vuelta? Si piensas que eres este rider, la Occam deber\u00eda ser tu bici.<\/p>\n<p><b>\u00a0 \u00a0 Especificaciones\u00a0<\/b><\/p>\n<ul>\n<li>Cuadro: C<span style=\"font-family: -apple-system, BlinkMacSystemFont, 'Segoe UI', Roboto, 'Helvetica Neue', Arial, 'Noto Sans', sans-serif, 'Apple Color Emoji', 'Segoe UI Emoji', 'Segoe UI Symbol', 'Noto Color Emoji'; font-size: 1rem; white-space: pre-wrap;\">arbono Orbea Monocasco Race (OMR).<\/span><\/li>\n<li>Suspensi\u00f3n: Fox Float 34 Performance, Grip damper, 3-position adjust, 140 mm de recorrido.<\/li>\n<li>Shock: Fox Float Dps Performance, Evol , 3-position adjust, custom tune, 210mm x 50mm.<\/li>\n<li>Frenos: Shimano M6120, Frenos de disco hidr\u00e1ulicos.<\/li>\n<li>Crankset: Sram Descendant Cnc Eagle Dub Boost 32T.<\/li>\n<li>Cassette: Sram Pg-1230 Eagle 11-50T 12-Velocidades.<\/li>\n<li>Desviador trasero: Sram Nx, 12-velocidades.<\/li>\n<li>Palancas: Sram Nx Eagle.<\/li>\n<\/ul>\n","protected":false},"featured_media":9615,"comment_status":"open","ping_status":"closed","template":"","meta":{"nf_dc_page":""},"product_brand":[],"product_cat":[220,24,228,244],"product_tag":[245],"class_list":{"0":"post-9571","1":"product","2":"type-product","3":"status-publish","4":"has-post-thumbnail","6":"product_cat-bicicletas","7":"product_cat-marca","8":"product_cat-mtb-bicicletas","9":"product_cat-orbea","10":"product_tag-orbea","12":"first","13":"outofstock","14":"taxable","15":"shipping-taxable","16":"product-type-variable"},"jetpack_sharing_enabled":true,"_links":{"self":[{"href":"https:\/\/goodbike2.goodbikestore.com\/shop\/wp-json\/wp\/v2\/product\/9571","targetHints":{"allow":["GET"]}}],"collection":[{"href":"https:\/\/goodbike2.goodbikestore.com\/shop\/wp-json\/wp\/v2\/product"}],"about":[{"href":"https:\/\/goodbike2.goodbikestore.com\/shop\/wp-json\/wp\/v2\/types\/product"}],"replies":[{"embeddable":true,"href":"https:\/\/goodbike2.goodbikestore.com\/shop\/wp-json\/wp\/v2\/comments?post=9571"}],"wp:featuredmedia":[{"embeddable":true,"href":"https:\/\/goodbike2.goodbikestore.com\/shop\/wp-json\/wp\/v2\/media\/9615"}],"wp:attachment":[{"href":"https:\/\/goodbike2.goodbikestore.com\/shop\/wp-json\/wp\/v2\/media?parent=9571"}],"wp:term":[{"taxonomy":"product_brand","embeddable":true,"href":"https:\/\/goodbike2.goodbikestore.com\/shop\/wp-json\/wp\/v2\/product_brand?post=9571"},{"taxonomy":"product_cat","embeddable":true,"href":"https:\/\/goodbike2.goodbikestore.com\/shop\/wp-json\/wp\/v2\/product_cat?post=9571"},{"taxonomy":"product_tag","embeddable":true,"href":"https:\/\/goodbike2.goodbikestore.com\/shop\/wp-json\/wp\/v2\/product_tag?post=9571"}],"curies":[{"name":"wp","href":"https:\/\/api.w.org\/{rel}","templated":true}]}}