{"id":9086,"date":"2023-08-24T22:06:39","date_gmt":"2023-08-24T22:06:39","guid":{"rendered":"https:\/\/goodbike2.goodbikestore.com\/shop\/?post_type=product&#038;p=9086"},"modified":"2023-08-24T22:07:10","modified_gmt":"2023-08-24T22:07:10","slug":"bicicleta-niner-wf09-e-bike","status":"publish","type":"product","link":"https:\/\/goodbike2.goodbikestore.com\/shop\/product\/bicicleta-niner-wf09-e-bike\/","title":{"rendered":"Bicicleta niner wf09 e-bike"},"content":{"rendered":"","protected":false},"excerpt":{"rendered":"<ul>\n<li><b>Especificaciones\u00a0<\/b><br \/>\n\u2713 Transmisi\u00f3n sram 11v.<br \/>\n\u2713 Cuadro de aluminio.<br \/>\n\u2713 Frenos de disco hidr\u00e1ulicos.<br \/>\n\u2713 Motor bosch<\/li>\n<li><b>Env\u00edo\u00a0<\/b><br \/>\n\u2713 Gratis en compras mayores a $1,000.<br \/>\n\u2713 T\u00fa orden se procesa al d\u00eda h\u00e1bil siguiente.<\/li>\n<li><b>Compra Protegida<\/b><\/li>\n<li><b>Asesor\u00eda\u00a0<\/b><br \/>\n\u2713 Si presenta problemas al realizar su compra o necesita asesor\u00eda, puede ponerse en contacto v\u00eda whatsapp.<\/li>\n<li><strong>El color puede variar a la imagen.<\/strong><\/li>\n<\/ul>\n","protected":false},"featured_media":9126,"comment_status":"open","ping_status":"closed","template":"","meta":{"nf_dc_page":""},"product_brand":[],"product_cat":[220,283],"product_tag":[284],"class_list":{"0":"post-9086","1":"product","2":"type-product","3":"status-publish","4":"has-post-thumbnail","6":"product_cat-bicicletas","7":"product_cat-electricas","8":"product_tag-niner","10":"first","11":"outofstock","12":"taxable","13":"shipping-taxable","14":"product-type-variable"},"jetpack_sharing_enabled":true,"_links":{"self":[{"href":"https:\/\/goodbike2.goodbikestore.com\/shop\/wp-json\/wp\/v2\/product\/9086","targetHints":{"allow":["GET"]}}],"collection":[{"href":"https:\/\/goodbike2.goodbikestore.com\/shop\/wp-json\/wp\/v2\/product"}],"about":[{"href":"https:\/\/goodbike2.goodbikestore.com\/shop\/wp-json\/wp\/v2\/types\/product"}],"replies":[{"embeddable":true,"href":"https:\/\/goodbike2.goodbikestore.com\/shop\/wp-json\/wp\/v2\/comments?post=9086"}],"wp:featuredmedia":[{"embeddable":true,"href":"https:\/\/goodbike2.goodbikestore.com\/shop\/wp-json\/wp\/v2\/media\/9126"}],"wp:attachment":[{"href":"https:\/\/goodbike2.goodbikestore.com\/shop\/wp-json\/wp\/v2\/media?parent=9086"}],"wp:term":[{"taxonomy":"product_brand","embeddable":true,"href":"https:\/\/goodbike2.goodbikestore.com\/shop\/wp-json\/wp\/v2\/product_brand?post=9086"},{"taxonomy":"product_cat","embeddable":true,"href":"https:\/\/goodbike2.goodbikestore.com\/shop\/wp-json\/wp\/v2\/product_cat?post=9086"},{"taxonomy":"product_tag","embeddable":true,"href":"https:\/\/goodbike2.goodbikestore.com\/shop\/wp-json\/wp\/v2\/product_tag?post=9086"}],"curies":[{"name":"wp","href":"https:\/\/api.w.org\/{rel}","templated":true}]}}