{"id":9041,"date":"2023-08-24T22:06:14","date_gmt":"2023-08-24T22:06:14","guid":{"rendered":"https:\/\/goodbike2.goodbikestore.com\/shop\/?post_type=product&#038;p=9041"},"modified":"2023-08-24T22:06:30","modified_gmt":"2023-08-24T22:06:30","slug":"mavic-zapato-de-ciclismo-ultimate-iii","status":"publish","type":"product","link":"https:\/\/goodbike2.goodbikestore.com\/shop\/product\/mavic-zapato-de-ciclismo-ultimate-iii\/","title":{"rendered":"MAVIC ZAPATO DE CICLISMO ULTIMATE III"},"content":{"rendered":"","protected":false},"excerpt":{"rendered":"<p style=\"text-align: center;\">Desde las cumbres alpinas m\u00e1s altas hasta el demoledor pav\u00e9. Subidas inacabables, demarrajes al l\u00edmite o el sprint final cuando hay que darlo todo en la meta. Hemos fabricado las Cosmic Ultimate de \u00faltima generaci\u00f3n para destacar en todos los aspectos de las competiciones de carretera.\u00a0Calzado con altas prestaciones de nivel profesional, sin limitaciones ni concesiones. Para satisfacer las exigencias de los mejores ciclistas profesionales del Circuito Mundial, nos hemos centrado en tres factores clave de rendimiento para las Cosmic Ultimate: m\u00e1xima transmisi\u00f3n de potencia, sujeci\u00f3n del pie y ajustabilidad.<\/p>\n","protected":false},"featured_media":9067,"comment_status":"open","ping_status":"closed","template":"","meta":{"nf_dc_page":""},"product_brand":[],"product_cat":[41,24,259,261,26,107,106],"product_tag":[260],"class_list":{"0":"post-9041","1":"product","2":"type-product","3":"status-publish","4":"has-post-thumbnail","6":"product_cat-basicos","7":"product_cat-marca","8":"product_cat-mavic","9":"product_cat-mavic-marca-ropa-y-outfit","10":"product_cat-ropa-y-outfit","11":"product_cat-ruta","12":"product_cat-zapatos-de-ciclismo","13":"product_tag-mavic","15":"first","16":"instock","17":"taxable","18":"shipping-taxable","19":"product-type-variable"},"jetpack_sharing_enabled":true,"_links":{"self":[{"href":"https:\/\/goodbike2.goodbikestore.com\/shop\/wp-json\/wp\/v2\/product\/9041","targetHints":{"allow":["GET"]}}],"collection":[{"href":"https:\/\/goodbike2.goodbikestore.com\/shop\/wp-json\/wp\/v2\/product"}],"about":[{"href":"https:\/\/goodbike2.goodbikestore.com\/shop\/wp-json\/wp\/v2\/types\/product"}],"replies":[{"embeddable":true,"href":"https:\/\/goodbike2.goodbikestore.com\/shop\/wp-json\/wp\/v2\/comments?post=9041"}],"wp:featuredmedia":[{"embeddable":true,"href":"https:\/\/goodbike2.goodbikestore.com\/shop\/wp-json\/wp\/v2\/media\/9067"}],"wp:attachment":[{"href":"https:\/\/goodbike2.goodbikestore.com\/shop\/wp-json\/wp\/v2\/media?parent=9041"}],"wp:term":[{"taxonomy":"product_brand","embeddable":true,"href":"https:\/\/goodbike2.goodbikestore.com\/shop\/wp-json\/wp\/v2\/product_brand?post=9041"},{"taxonomy":"product_cat","embeddable":true,"href":"https:\/\/goodbike2.goodbikestore.com\/shop\/wp-json\/wp\/v2\/product_cat?post=9041"},{"taxonomy":"product_tag","embeddable":true,"href":"https:\/\/goodbike2.goodbikestore.com\/shop\/wp-json\/wp\/v2\/product_tag?post=9041"}],"curies":[{"name":"wp","href":"https:\/\/api.w.org\/{rel}","templated":true}]}}