{"id":8874,"date":"2023-08-24T22:04:01","date_gmt":"2023-08-24T22:04:01","guid":{"rendered":"https:\/\/goodbike2.goodbikestore.com\/shop\/?post_type=product&#038;p=8874"},"modified":"2023-08-24T22:04:32","modified_gmt":"2023-08-24T22:04:32","slug":"mavic-casco-aksium-elite","status":"publish","type":"product","link":"https:\/\/goodbike2.goodbikestore.com\/shop\/product\/mavic-casco-aksium-elite\/","title":{"rendered":"MAVIC CASCO AKSIUM ELITE"},"content":{"rendered":"","protected":false},"excerpt":{"rendered":"<p>El Casco Mavic Aksium elite cuenta con un sistema de retenci\u00f3n ultraligero que brinda una justa, comodidad y alta sujeci\u00f3n de la cabeza. Fue dise\u00f1ado con tecnolog\u00eda 37.5 que utiliza part\u00edculas activas para absorber el calor de la cabeza y expulsar el sudor cinco veces m\u00e1s r\u00e1pido en comparaci\u00f3n con otros cascos. Adem\u00e1s tiene tiene una malla antimosquitos en las ventilaciones frontales que te protege de los insectos.<\/p>\n","protected":false},"featured_media":8911,"comment_status":"open","ping_status":"closed","template":"","meta":{"nf_dc_page":""},"product_brand":[],"product_cat":[41,72,52,24,259,261,26],"product_tag":[260],"class_list":{"0":"post-8874","1":"product","2":"type-product","3":"status-publish","4":"has-post-thumbnail","6":"product_cat-basicos","7":"product_cat-cascos","8":"product_cat-marca-ropa-y-outfit","9":"product_cat-marca","10":"product_cat-mavic","11":"product_cat-mavic-marca-ropa-y-outfit","12":"product_cat-ropa-y-outfit","13":"product_tag-mavic","15":"first","16":"instock","17":"taxable","18":"shipping-taxable","19":"product-type-variable"},"jetpack_sharing_enabled":true,"_links":{"self":[{"href":"https:\/\/goodbike2.goodbikestore.com\/shop\/wp-json\/wp\/v2\/product\/8874","targetHints":{"allow":["GET"]}}],"collection":[{"href":"https:\/\/goodbike2.goodbikestore.com\/shop\/wp-json\/wp\/v2\/product"}],"about":[{"href":"https:\/\/goodbike2.goodbikestore.com\/shop\/wp-json\/wp\/v2\/types\/product"}],"replies":[{"embeddable":true,"href":"https:\/\/goodbike2.goodbikestore.com\/shop\/wp-json\/wp\/v2\/comments?post=8874"}],"wp:featuredmedia":[{"embeddable":true,"href":"https:\/\/goodbike2.goodbikestore.com\/shop\/wp-json\/wp\/v2\/media\/8911"}],"wp:attachment":[{"href":"https:\/\/goodbike2.goodbikestore.com\/shop\/wp-json\/wp\/v2\/media?parent=8874"}],"wp:term":[{"taxonomy":"product_brand","embeddable":true,"href":"https:\/\/goodbike2.goodbikestore.com\/shop\/wp-json\/wp\/v2\/product_brand?post=8874"},{"taxonomy":"product_cat","embeddable":true,"href":"https:\/\/goodbike2.goodbikestore.com\/shop\/wp-json\/wp\/v2\/product_cat?post=8874"},{"taxonomy":"product_tag","embeddable":true,"href":"https:\/\/goodbike2.goodbikestore.com\/shop\/wp-json\/wp\/v2\/product_tag?post=8874"}],"curies":[{"name":"wp","href":"https:\/\/api.w.org\/{rel}","templated":true}]}}