{"id":8808,"date":"2023-08-24T22:03:12","date_gmt":"2023-08-24T22:03:12","guid":{"rendered":"https:\/\/goodbike2.goodbikestore.com\/shop\/?post_type=product&#038;p=8808"},"modified":"2023-08-24T22:03:49","modified_gmt":"2023-08-24T22:03:49","slug":"kma-bike-pad","status":"publish","type":"product","link":"https:\/\/goodbike2.goodbikestore.com\/shop\/product\/kma-bike-pad\/","title":{"rendered":"KMA BIKE PAD"},"content":{"rendered":"","protected":false},"excerpt":{"rendered":"<p style=\"text-align: center;\">Bike pad con sistema de pieza intercambiable en respaldo de cuadro y suspensi\u00f3n. Combinaci\u00f3n de espumas de alta y baja densidad para \u00f3ptima protecci\u00f3n del cuadro con 26 mm de espesor, a eso a\u00f1adimos neopreno desarrollado en casa de 5mm intercambiable, ventana para f\u00e1cil acceso a la batea, cintas de 38 mm para un seguro ajuste a tu tapa y 3 ajustes para la tijera, tela afelpada interior y por \u00faltimo nuestra lona exterior impermeable.<\/p>\n<p>\u00a0 \u00a0Caracter\u00edsticas<\/p>\n<ul class=\"a-unordered-list a-vertical a-spacing-mini\">\n<li>Protege tu cuadro de tu bicicletas as\u00ed como tu camioneta.<\/li>\n<li><span class=\"a-list-item\">Amarres superiores para Cuadro con Protector de velcro, amarres adicionales para tijera.<\/span><\/li>\n<li><span class=\"a-list-item\">Lona exterior impermeable, interior afelpado, extra protector foam de alta densidad 26mm.<\/span><\/li>\n<li><span class=\"a-list-item\">F\u00e1cil instalaci\u00f3n colocalo y ajustalo a la tapa con las correas incluidas.<\/span><\/li>\n<li><span class=\"a-list-item\">Monta y desmonta las bicicletas en segundos.<\/span><\/li>\n<\/ul>\n","protected":false},"featured_media":8852,"comment_status":"open","ping_status":"closed","template":"","meta":{"nf_dc_page":""},"product_brand":[],"product_cat":[28,65,252,30,251],"product_tag":[253],"class_list":{"0":"post-8808","1":"product","2":"type-product","3":"status-publish","4":"has-post-thumbnail","6":"product_cat-accesorios","7":"product_cat-esenciales","8":"product_cat-kma","9":"product_cat-mantenimiento-y-transporte","10":"product_cat-marca-accesorios","11":"product_tag-kma","13":"first","14":"instock","15":"taxable","16":"shipping-taxable","17":"product-type-variable"},"jetpack_sharing_enabled":true,"_links":{"self":[{"href":"https:\/\/goodbike2.goodbikestore.com\/shop\/wp-json\/wp\/v2\/product\/8808","targetHints":{"allow":["GET"]}}],"collection":[{"href":"https:\/\/goodbike2.goodbikestore.com\/shop\/wp-json\/wp\/v2\/product"}],"about":[{"href":"https:\/\/goodbike2.goodbikestore.com\/shop\/wp-json\/wp\/v2\/types\/product"}],"replies":[{"embeddable":true,"href":"https:\/\/goodbike2.goodbikestore.com\/shop\/wp-json\/wp\/v2\/comments?post=8808"}],"wp:featuredmedia":[{"embeddable":true,"href":"https:\/\/goodbike2.goodbikestore.com\/shop\/wp-json\/wp\/v2\/media\/8852"}],"wp:attachment":[{"href":"https:\/\/goodbike2.goodbikestore.com\/shop\/wp-json\/wp\/v2\/media?parent=8808"}],"wp:term":[{"taxonomy":"product_brand","embeddable":true,"href":"https:\/\/goodbike2.goodbikestore.com\/shop\/wp-json\/wp\/v2\/product_brand?post=8808"},{"taxonomy":"product_cat","embeddable":true,"href":"https:\/\/goodbike2.goodbikestore.com\/shop\/wp-json\/wp\/v2\/product_cat?post=8808"},{"taxonomy":"product_tag","embeddable":true,"href":"https:\/\/goodbike2.goodbikestore.com\/shop\/wp-json\/wp\/v2\/product_tag?post=8808"}],"curies":[{"name":"wp","href":"https:\/\/api.w.org\/{rel}","templated":true}]}}