{"id":8726,"date":"2023-08-24T22:01:15","date_gmt":"2023-08-24T22:01:15","guid":{"rendered":"https:\/\/goodbike2.goodbikestore.com\/shop\/?post_type=product&#038;p=8726"},"modified":"2023-08-24T22:02:42","modified_gmt":"2023-08-24T22:02:42","slug":"torquimetro-topeak","status":"publish","type":"product","link":"https:\/\/goodbike2.goodbikestore.com\/shop\/product\/torquimetro-topeak\/","title":{"rendered":"TORQUIMETRO TOPEAK"},"content":{"rendered":"","protected":false},"excerpt":{"rendered":"<p class=\"product-content__heading\">D-Torq Wrench Dx-<span class=\"Y2IQFc\" lang=\"es\">Una de las llaves dinamom\u00e9tricas digitales m\u00e1s precisas disponibles. Ideal para reparaci\u00f3n y mantenimiento de bicicletas. Cuenta con una cabeza de trinquete reversible con cuadro de 3\/8\u201d, adaptador cuadrado a hexagonal est\u00e1ndar de 3\/8\u201d para brocas, adaptador con cuadro de 1\/2\u201d, llaves de tubo hexagonales m\u00e9tricas y puede medir el par en 4 unidades, incluidos N\u2022m, en \u2022lb, ft\u2022lb o kg\u2022cm. La lectura digital proporciona una pantalla visible, mientras que tambi\u00e9n hay advertencias audibles programables separadas para su valor de torque objetivo y otra para un torque excesivo. Rango de par: 4 &#8211; 80 Nm.<\/span><\/p>\n<p class=\"product-content__heading\">D-Torq Wrench-\u00a0<span class=\"Y2IQFc\" lang=\"es\">Cuenta con un cabezal de trinquete reversible de accionamiento hexagonal est\u00e1ndar, brocas para herramientas y puede medir el par en 4 unidades, incluidas N\u2022m, in\u2022lb, ft\u2022lb o kg\u2022cm. La lectura digital proporciona una pantalla visible, mientras que tambi\u00e9n hay advertencias audibles.<\/span><\/p>\n<p>&nbsp;<\/p>\n","protected":false},"featured_media":8754,"comment_status":"open","ping_status":"closed","template":"","meta":{"nf_dc_page":""},"product_brand":[],"product_cat":[28,241,30,24,116],"product_tag":[117],"class_list":{"0":"post-8726","1":"product","2":"type-product","3":"status-publish","4":"has-post-thumbnail","6":"product_cat-accesorios","7":"product_cat-herramientas","8":"product_cat-mantenimiento-y-transporte","9":"product_cat-marca","10":"product_cat-topeak","11":"product_tag-topeak","13":"first","14":"instock","15":"taxable","16":"shipping-taxable","17":"product-type-variable"},"jetpack_sharing_enabled":true,"_links":{"self":[{"href":"https:\/\/goodbike2.goodbikestore.com\/shop\/wp-json\/wp\/v2\/product\/8726","targetHints":{"allow":["GET"]}}],"collection":[{"href":"https:\/\/goodbike2.goodbikestore.com\/shop\/wp-json\/wp\/v2\/product"}],"about":[{"href":"https:\/\/goodbike2.goodbikestore.com\/shop\/wp-json\/wp\/v2\/types\/product"}],"replies":[{"embeddable":true,"href":"https:\/\/goodbike2.goodbikestore.com\/shop\/wp-json\/wp\/v2\/comments?post=8726"}],"wp:featuredmedia":[{"embeddable":true,"href":"https:\/\/goodbike2.goodbikestore.com\/shop\/wp-json\/wp\/v2\/media\/8754"}],"wp:attachment":[{"href":"https:\/\/goodbike2.goodbikestore.com\/shop\/wp-json\/wp\/v2\/media?parent=8726"}],"wp:term":[{"taxonomy":"product_brand","embeddable":true,"href":"https:\/\/goodbike2.goodbikestore.com\/shop\/wp-json\/wp\/v2\/product_brand?post=8726"},{"taxonomy":"product_cat","embeddable":true,"href":"https:\/\/goodbike2.goodbikestore.com\/shop\/wp-json\/wp\/v2\/product_cat?post=8726"},{"taxonomy":"product_tag","embeddable":true,"href":"https:\/\/goodbike2.goodbikestore.com\/shop\/wp-json\/wp\/v2\/product_tag?post=8726"}],"curies":[{"name":"wp","href":"https:\/\/api.w.org\/{rel}","templated":true}]}}