{"id":8627,"date":"2023-08-24T21:20:35","date_gmt":"2023-08-24T21:20:35","guid":{"rendered":"https:\/\/goodbike2.goodbikestore.com\/shop\/?post_type=product&#038;p=8627"},"modified":"2023-08-24T21:20:56","modified_gmt":"2023-08-24T21:20:56","slug":"fox-rodillera-completa-launch-pro-d30","status":"publish","type":"product","link":"https:\/\/goodbike2.goodbikestore.com\/shop\/product\/fox-rodillera-completa-launch-pro-d30\/","title":{"rendered":"FOX RODILLERA COMPLETA LAUNCH PRO D30"},"content":{"rendered":"","protected":false},"excerpt":{"rendered":"<p style=\"text-align: center;\">Las nuevas rodilleras Launch Pro D3O\u00ae toman las legendarias prestaciones de nuestras protecciones cl\u00e1sicas y las elevan a un nuevo nivel. Estas nuevas rodilleras, creadas en colaboraci\u00f3n con nuestro equipo de competici\u00f3n de \u00e9lite, parten de nuestra relaci\u00f3n con D3O l\u00edder mundial en materiales de reducci\u00f3n de los impactos y combinan esa tecnolog\u00eda con una carcasa dura desmontable y rendimiento para all mountain.\u00a0La estructura de D3O\u00ae con certificado CE mantiene la flexibilidad de las rodilleras para facilitar el movimiento, pero se endurece instant\u00e1neamente en caso de impacto para disipar la fuerza del golpe.<\/p>\n","protected":false},"featured_media":8657,"comment_status":"open","ping_status":"closed","template":"","meta":{"nf_dc_page":""},"product_brand":[],"product_cat":[20],"product_tag":[43],"class_list":{"0":"post-8627","1":"product","2":"type-product","3":"status-publish","4":"has-post-thumbnail","6":"product_cat-uncategorized","7":"product_tag-fox","9":"first","10":"instock","11":"taxable","12":"shipping-taxable","13":"product-type-variable"},"jetpack_sharing_enabled":true,"_links":{"self":[{"href":"https:\/\/goodbike2.goodbikestore.com\/shop\/wp-json\/wp\/v2\/product\/8627","targetHints":{"allow":["GET"]}}],"collection":[{"href":"https:\/\/goodbike2.goodbikestore.com\/shop\/wp-json\/wp\/v2\/product"}],"about":[{"href":"https:\/\/goodbike2.goodbikestore.com\/shop\/wp-json\/wp\/v2\/types\/product"}],"replies":[{"embeddable":true,"href":"https:\/\/goodbike2.goodbikestore.com\/shop\/wp-json\/wp\/v2\/comments?post=8627"}],"wp:featuredmedia":[{"embeddable":true,"href":"https:\/\/goodbike2.goodbikestore.com\/shop\/wp-json\/wp\/v2\/media\/8657"}],"wp:attachment":[{"href":"https:\/\/goodbike2.goodbikestore.com\/shop\/wp-json\/wp\/v2\/media?parent=8627"}],"wp:term":[{"taxonomy":"product_brand","embeddable":true,"href":"https:\/\/goodbike2.goodbikestore.com\/shop\/wp-json\/wp\/v2\/product_brand?post=8627"},{"taxonomy":"product_cat","embeddable":true,"href":"https:\/\/goodbike2.goodbikestore.com\/shop\/wp-json\/wp\/v2\/product_cat?post=8627"},{"taxonomy":"product_tag","embeddable":true,"href":"https:\/\/goodbike2.goodbikestore.com\/shop\/wp-json\/wp\/v2\/product_tag?post=8627"}],"curies":[{"name":"wp","href":"https:\/\/api.w.org\/{rel}","templated":true}]}}