{"id":8346,"date":"2023-08-24T19:57:16","date_gmt":"2023-08-24T19:57:16","guid":{"rendered":"https:\/\/goodbike2.goodbikestore.com\/shop\/?post_type=product&#038;p=8346"},"modified":"2023-08-24T21:19:33","modified_gmt":"2023-08-24T21:19:33","slug":"porta-anfora-profile-design","status":"publish","type":"product","link":"https:\/\/goodbike2.goodbikestore.com\/shop\/product\/porta-anfora-profile-design\/","title":{"rendered":"PORTA ANFORA PROFILE DESIGN"},"content":{"rendered":"","protected":false},"excerpt":{"rendered":"<p style=\"text-align: center;\">El soporte trasero para casi todos los sillines con rieles met\u00e1licos. El nuevo soporte de riel de sill\u00edn de doble posici\u00f3n se adapta a los sillines de tres ruedas que a menudo tienen problemas para encontrar la hidrataci\u00f3n trasera adecuada.<\/p>\n<p style=\"text-align: center;\">Capacidad de ajuste de doble posici\u00f3n: montaje de riel de sill\u00edn de doble posici\u00f3n para marcar en el \u00e1ngulo ideal. Dise\u00f1ado para montar 1 o 2 porta \u00e1nforas.<\/p>\n","protected":false},"featured_media":8535,"comment_status":"open","ping_status":"closed","template":"","meta":{"nf_dc_page":""},"product_brand":[],"product_cat":[20],"product_tag":[36],"class_list":{"0":"post-8346","1":"product","2":"type-product","3":"status-publish","4":"has-post-thumbnail","6":"product_cat-uncategorized","7":"product_tag-profile-design","9":"first","10":"outofstock","11":"taxable","12":"shipping-taxable","13":"product-type-variable"},"jetpack_sharing_enabled":true,"_links":{"self":[{"href":"https:\/\/goodbike2.goodbikestore.com\/shop\/wp-json\/wp\/v2\/product\/8346","targetHints":{"allow":["GET"]}}],"collection":[{"href":"https:\/\/goodbike2.goodbikestore.com\/shop\/wp-json\/wp\/v2\/product"}],"about":[{"href":"https:\/\/goodbike2.goodbikestore.com\/shop\/wp-json\/wp\/v2\/types\/product"}],"replies":[{"embeddable":true,"href":"https:\/\/goodbike2.goodbikestore.com\/shop\/wp-json\/wp\/v2\/comments?post=8346"}],"wp:featuredmedia":[{"embeddable":true,"href":"https:\/\/goodbike2.goodbikestore.com\/shop\/wp-json\/wp\/v2\/media\/8535"}],"wp:attachment":[{"href":"https:\/\/goodbike2.goodbikestore.com\/shop\/wp-json\/wp\/v2\/media?parent=8346"}],"wp:term":[{"taxonomy":"product_brand","embeddable":true,"href":"https:\/\/goodbike2.goodbikestore.com\/shop\/wp-json\/wp\/v2\/product_brand?post=8346"},{"taxonomy":"product_cat","embeddable":true,"href":"https:\/\/goodbike2.goodbikestore.com\/shop\/wp-json\/wp\/v2\/product_cat?post=8346"},{"taxonomy":"product_tag","embeddable":true,"href":"https:\/\/goodbike2.goodbikestore.com\/shop\/wp-json\/wp\/v2\/product_tag?post=8346"}],"curies":[{"name":"wp","href":"https:\/\/api.w.org\/{rel}","templated":true}]}}