{"id":8175,"date":"2023-08-24T19:55:36","date_gmt":"2023-08-24T19:55:36","guid":{"rendered":"https:\/\/goodbike2.goodbikestore.com\/shop\/?post_type=product&#038;p=8175"},"modified":"2023-08-24T19:55:54","modified_gmt":"2023-08-24T19:55:54","slug":"fizik-zapatos-de-ciclismo-tempo-r5-powerstrap","status":"publish","type":"product","link":"https:\/\/goodbike2.goodbikestore.com\/shop\/product\/fizik-zapatos-de-ciclismo-tempo-r5-powerstrap\/","title":{"rendered":"FIZIK ZAPATOS DE CICLISMO TEMPO R5 POWERSTRAP"},"content":{"rendered":"","protected":false},"excerpt":{"rendered":"<p>Tempo Powerstrap R5 es una zapatilla vers\u00e1til de ciclismo de carretera con cierre de velcro dise\u00f1ado para un ajuste envolvente. La suela exterior de nylon R5 es flexible y c\u00f3moda incluso a largo plazo, pero sin comprometer la eficiencia del pedaleo. Suela exterior R5 de nylon reforzado con carbono.<\/p>\n","protected":false},"featured_media":8211,"comment_status":"open","ping_status":"closed","template":"","meta":{"nf_dc_page":""},"product_brand":[],"product_cat":[88,24,26,107,106],"product_tag":[91],"class_list":{"0":"post-8175","1":"product","2":"type-product","3":"status-publish","4":"has-post-thumbnail","6":"product_cat-fizik","7":"product_cat-marca","8":"product_cat-ropa-y-outfit","9":"product_cat-ruta","10":"product_cat-zapatos-de-ciclismo","11":"product_tag-fizik","13":"first","14":"instock","15":"taxable","16":"shipping-taxable","17":"product-type-variable"},"jetpack_sharing_enabled":true,"_links":{"self":[{"href":"https:\/\/goodbike2.goodbikestore.com\/shop\/wp-json\/wp\/v2\/product\/8175","targetHints":{"allow":["GET"]}}],"collection":[{"href":"https:\/\/goodbike2.goodbikestore.com\/shop\/wp-json\/wp\/v2\/product"}],"about":[{"href":"https:\/\/goodbike2.goodbikestore.com\/shop\/wp-json\/wp\/v2\/types\/product"}],"replies":[{"embeddable":true,"href":"https:\/\/goodbike2.goodbikestore.com\/shop\/wp-json\/wp\/v2\/comments?post=8175"}],"wp:featuredmedia":[{"embeddable":true,"href":"https:\/\/goodbike2.goodbikestore.com\/shop\/wp-json\/wp\/v2\/media\/8211"}],"wp:attachment":[{"href":"https:\/\/goodbike2.goodbikestore.com\/shop\/wp-json\/wp\/v2\/media?parent=8175"}],"wp:term":[{"taxonomy":"product_brand","embeddable":true,"href":"https:\/\/goodbike2.goodbikestore.com\/shop\/wp-json\/wp\/v2\/product_brand?post=8175"},{"taxonomy":"product_cat","embeddable":true,"href":"https:\/\/goodbike2.goodbikestore.com\/shop\/wp-json\/wp\/v2\/product_cat?post=8175"},{"taxonomy":"product_tag","embeddable":true,"href":"https:\/\/goodbike2.goodbikestore.com\/shop\/wp-json\/wp\/v2\/product_tag?post=8175"}],"curies":[{"name":"wp","href":"https:\/\/api.w.org\/{rel}","templated":true}]}}