{"id":8014,"date":"2023-08-24T19:53:34","date_gmt":"2023-08-24T19:53:34","guid":{"rendered":"https:\/\/goodbike2.goodbikestore.com\/shop\/?post_type=product&#038;p=8014"},"modified":"2023-08-24T19:54:10","modified_gmt":"2023-08-24T19:54:10","slug":"giro-casco-vanquish-mips","status":"publish","type":"product","link":"https:\/\/goodbike2.goodbikestore.com\/shop\/product\/giro-casco-vanquish-mips\/","title":{"rendered":"GIRO CASCO VANQUISH MIPS"},"content":{"rendered":"","protected":false},"excerpt":{"rendered":"<p style=\"text-align: center;\">El Vanquish Mips es el pin\u00e1culo de los cascos de ciclismo de carretera de alto rendimiento, que presenta el innovador dise\u00f1o Transformair que optimiza activamente el flujo de aire para reducir el arrastre. En el interior, Vanquish es un liner EPS con capas progresivas, y nuestro famoso sistema RocLoc Air se integra perfectamente con la tecnologoa MIPS para mejorar el confort y la potencia de enfriamiento a la vez que proporciona una medida adicional de proteccion.<\/p>\n<p>\u00a0 \u00a0Caracter\u00edsticas<\/p>\n<ul>\n<li>Peso 305 gramos sin visera, 355 gramos con visera.<\/li>\n<li>Accesorios incluidos: Escudo magnetico Vivid de Zeiss, tecnolog\u00eda Transformair, liner EPS con estratificaci\u00f3n progresiva, tecnolog\u00eda mips integrada, pantalla magnetic Vivid de Zeiss, soporte Stealth shield, pinzas para gafas, almohadilla antimicrobiana, correas de pluma.<\/li>\n<li>Construccion en el molde con capas progresivas, carcasa de cuatro piezas de policarbonato interconectable.<\/li>\n<li>Ajustar el sistema Roc Loc Air Mips.<\/li>\n<\/ul>\n<p>&nbsp;<\/p>\n<p>&nbsp;<\/p>\n","protected":false},"featured_media":8063,"comment_status":"open","ping_status":"closed","template":"","meta":{"nf_dc_page":""},"product_brand":[],"product_cat":[72,77,24,26],"product_tag":[78],"class_list":{"0":"post-8014","1":"product","2":"type-product","3":"status-publish","4":"has-post-thumbnail","6":"product_cat-cascos","7":"product_cat-giro","8":"product_cat-marca","9":"product_cat-ropa-y-outfit","10":"product_tag-giro","12":"first","13":"instock","14":"taxable","15":"shipping-taxable","16":"product-type-variable"},"jetpack_sharing_enabled":true,"_links":{"self":[{"href":"https:\/\/goodbike2.goodbikestore.com\/shop\/wp-json\/wp\/v2\/product\/8014","targetHints":{"allow":["GET"]}}],"collection":[{"href":"https:\/\/goodbike2.goodbikestore.com\/shop\/wp-json\/wp\/v2\/product"}],"about":[{"href":"https:\/\/goodbike2.goodbikestore.com\/shop\/wp-json\/wp\/v2\/types\/product"}],"replies":[{"embeddable":true,"href":"https:\/\/goodbike2.goodbikestore.com\/shop\/wp-json\/wp\/v2\/comments?post=8014"}],"wp:featuredmedia":[{"embeddable":true,"href":"https:\/\/goodbike2.goodbikestore.com\/shop\/wp-json\/wp\/v2\/media\/8063"}],"wp:attachment":[{"href":"https:\/\/goodbike2.goodbikestore.com\/shop\/wp-json\/wp\/v2\/media?parent=8014"}],"wp:term":[{"taxonomy":"product_brand","embeddable":true,"href":"https:\/\/goodbike2.goodbikestore.com\/shop\/wp-json\/wp\/v2\/product_brand?post=8014"},{"taxonomy":"product_cat","embeddable":true,"href":"https:\/\/goodbike2.goodbikestore.com\/shop\/wp-json\/wp\/v2\/product_cat?post=8014"},{"taxonomy":"product_tag","embeddable":true,"href":"https:\/\/goodbike2.goodbikestore.com\/shop\/wp-json\/wp\/v2\/product_tag?post=8014"}],"curies":[{"name":"wp","href":"https:\/\/api.w.org\/{rel}","templated":true}]}}