{"id":7957,"date":"2023-08-24T19:52:38","date_gmt":"2023-08-24T19:52:38","guid":{"rendered":"https:\/\/goodbike2.goodbikestore.com\/shop\/?post_type=product&#038;p=7957"},"modified":"2023-08-24T19:53:28","modified_gmt":"2023-08-24T19:53:28","slug":"abus-casco-airbreaker","status":"publish","type":"product","link":"https:\/\/goodbike2.goodbikestore.com\/shop\/product\/abus-casco-airbreaker\/","title":{"rendered":"ABUS CASCO AIRBREAKER"},"content":{"rendered":"","protected":false},"excerpt":{"rendered":"<div class=\"col-xs-12 col-sm-6 col-md-6 col-lg-6 productdescription\">\n<p style=\"text-align: center;\">El AirBreaker de Abus es un casco que cubre sin problemas las m\u00e1s altas exigencias del ciclismo profesional. En las carreras, el m\u00e1ximo rendimiento cuenta, independientemente de si se ascienden pendientes de puertos a m\u00e1xima velocidad en un estresante sprint.\u00a0Con la estructura de panal del innovador dise\u00f1o multi speed, el Airbreaker ofrece siempre la m\u00e1xima aerodin\u00e1mica, proporcionando al mismo tiempo la ventilaci\u00f3n \u00f3ptima. El dise\u00f1o multi speed dosifica la ventilaci\u00f3n en el grado en que sea necesario: m\u00e1xima ventilaci\u00f3n en etapas lentas por puerto y aerodin\u00e1mica \u00f3ptima para etapas llanas y r\u00e1pidas.<\/p>\n<\/div>\n<div class=\"col-xs-12 col-sm-6 col-md-6 col-lg-6 producticons pull-right\"><\/div>\n","protected":false},"featured_media":8003,"comment_status":"open","ping_status":"closed","template":"","meta":{"nf_dc_page":""},"product_brand":[],"product_cat":[75,72,24,26],"product_tag":[76],"class_list":{"0":"post-7957","1":"product","2":"type-product","3":"status-publish","4":"has-post-thumbnail","6":"product_cat-abus","7":"product_cat-cascos","8":"product_cat-marca","9":"product_cat-ropa-y-outfit","10":"product_tag-abus","12":"first","13":"instock","14":"taxable","15":"shipping-taxable","16":"product-type-variable"},"jetpack_sharing_enabled":true,"_links":{"self":[{"href":"https:\/\/goodbike2.goodbikestore.com\/shop\/wp-json\/wp\/v2\/product\/7957","targetHints":{"allow":["GET"]}}],"collection":[{"href":"https:\/\/goodbike2.goodbikestore.com\/shop\/wp-json\/wp\/v2\/product"}],"about":[{"href":"https:\/\/goodbike2.goodbikestore.com\/shop\/wp-json\/wp\/v2\/types\/product"}],"replies":[{"embeddable":true,"href":"https:\/\/goodbike2.goodbikestore.com\/shop\/wp-json\/wp\/v2\/comments?post=7957"}],"wp:featuredmedia":[{"embeddable":true,"href":"https:\/\/goodbike2.goodbikestore.com\/shop\/wp-json\/wp\/v2\/media\/8003"}],"wp:attachment":[{"href":"https:\/\/goodbike2.goodbikestore.com\/shop\/wp-json\/wp\/v2\/media?parent=7957"}],"wp:term":[{"taxonomy":"product_brand","embeddable":true,"href":"https:\/\/goodbike2.goodbikestore.com\/shop\/wp-json\/wp\/v2\/product_brand?post=7957"},{"taxonomy":"product_cat","embeddable":true,"href":"https:\/\/goodbike2.goodbikestore.com\/shop\/wp-json\/wp\/v2\/product_cat?post=7957"},{"taxonomy":"product_tag","embeddable":true,"href":"https:\/\/goodbike2.goodbikestore.com\/shop\/wp-json\/wp\/v2\/product_tag?post=7957"}],"curies":[{"name":"wp","href":"https:\/\/api.w.org\/{rel}","templated":true}]}}