{"id":7951,"date":"2023-08-24T19:52:37","date_gmt":"2023-08-24T19:52:37","guid":{"rendered":"https:\/\/goodbike2.goodbikestore.com\/shop\/?post_type=product&#038;p=7951"},"modified":"2023-08-24T19:53:17","modified_gmt":"2023-08-24T19:53:17","slug":"abus-casco-gamechanger","status":"publish","type":"product","link":"https:\/\/goodbike2.goodbikestore.com\/shop\/product\/abus-casco-gamechanger\/","title":{"rendered":"ABUS CASCO GAMECHANGER"},"content":{"rendered":"","protected":false},"excerpt":{"rendered":"<p style=\"text-align: center;\">El Abus Gamechanger es un casco aerodin\u00e1mico, luchar contra el viento es uno de los mayores desaf\u00edos para cualquier ciclista. Con su dise\u00f1o multi position, el Gamechanger redefine la aerodin\u00e1mica. Su forma especial proporciona una menor superficie expuesta al viento en cualquier situaci\u00f3n, independientemente de la inclinaci\u00f3n de la cabeza y del \u00e1ngulo de incidencia. La innovadora tecnolog\u00eda Forced Air Cooling aspira el aire entrante, lo canaliza alrededor de la cabeza y proporciona una temperatura perfecta y frescor a la cabeza incluso en carreras acaloradas.<\/p>\n","protected":false},"featured_media":7997,"comment_status":"open","ping_status":"closed","template":"","meta":{"nf_dc_page":""},"product_brand":[],"product_cat":[75,72,24,26],"product_tag":[76],"class_list":{"0":"post-7951","1":"product","2":"type-product","3":"status-publish","4":"has-post-thumbnail","6":"product_cat-abus","7":"product_cat-cascos","8":"product_cat-marca","9":"product_cat-ropa-y-outfit","10":"product_tag-abus","12":"first","13":"instock","14":"taxable","15":"shipping-taxable","16":"product-type-variable"},"jetpack_sharing_enabled":true,"_links":{"self":[{"href":"https:\/\/goodbike2.goodbikestore.com\/shop\/wp-json\/wp\/v2\/product\/7951","targetHints":{"allow":["GET"]}}],"collection":[{"href":"https:\/\/goodbike2.goodbikestore.com\/shop\/wp-json\/wp\/v2\/product"}],"about":[{"href":"https:\/\/goodbike2.goodbikestore.com\/shop\/wp-json\/wp\/v2\/types\/product"}],"replies":[{"embeddable":true,"href":"https:\/\/goodbike2.goodbikestore.com\/shop\/wp-json\/wp\/v2\/comments?post=7951"}],"wp:featuredmedia":[{"embeddable":true,"href":"https:\/\/goodbike2.goodbikestore.com\/shop\/wp-json\/wp\/v2\/media\/7997"}],"wp:attachment":[{"href":"https:\/\/goodbike2.goodbikestore.com\/shop\/wp-json\/wp\/v2\/media?parent=7951"}],"wp:term":[{"taxonomy":"product_brand","embeddable":true,"href":"https:\/\/goodbike2.goodbikestore.com\/shop\/wp-json\/wp\/v2\/product_brand?post=7951"},{"taxonomy":"product_cat","embeddable":true,"href":"https:\/\/goodbike2.goodbikestore.com\/shop\/wp-json\/wp\/v2\/product_cat?post=7951"},{"taxonomy":"product_tag","embeddable":true,"href":"https:\/\/goodbike2.goodbikestore.com\/shop\/wp-json\/wp\/v2\/product_tag?post=7951"}],"curies":[{"name":"wp","href":"https:\/\/api.w.org\/{rel}","templated":true}]}}