{"id":7881,"date":"2023-08-24T19:51:46","date_gmt":"2023-08-24T19:51:46","guid":{"rendered":"https:\/\/goodbike2.goodbikestore.com\/shop\/?post_type=product&#038;p=7881"},"modified":"2023-08-24T19:52:07","modified_gmt":"2023-08-24T19:52:07","slug":"fox-shorts-defend","status":"publish","type":"product","link":"https:\/\/goodbike2.goodbikestore.com\/shop\/product\/fox-shorts-defend\/","title":{"rendered":"FOX SHORTS DEFEND"},"content":{"rendered":"","protected":false},"excerpt":{"rendered":"<p style=\"text-align: center;\">El short Defend combina resistencia y elasticidad en cuatro direcciones \u00a0para darte agilidad en las subidas y protecci\u00f3n en los descensos. Este short lleva entrepierna m\u00e1s larga para mejorar la movilidad sin que se mueva la almohadilla. El cierre de hebilla perfecto para competici\u00f3n te permite hacer ajustes sobre la marcha para que est\u00e9 como a ti te gusta. La ventilaci\u00f3n no se ha dejado al azar, con orificios de ventilaci\u00f3n perforados con l\u00e1ser en puntos clave para aumentar el flujo de aire y mantenerte fresco.<\/p>\n","protected":false},"featured_media":7905,"comment_status":"open","ping_status":"closed","template":"","meta":{"nf_dc_page":""},"product_brand":[],"product_cat":[25,63,24,45,26,46],"product_tag":[43],"class_list":{"0":"post-7881","1":"product","2":"type-product","3":"status-publish","4":"has-post-thumbnail","6":"product_cat-fox","7":"product_cat-joven","8":"product_cat-marca","9":"product_cat-ropa-ciclismo","10":"product_cat-ropa-y-outfit","11":"product_cat-shorts","12":"product_tag-fox","14":"first","15":"outofstock","16":"taxable","17":"shipping-taxable","18":"product-type-variable","19":"has-default-attributes"},"jetpack_sharing_enabled":true,"_links":{"self":[{"href":"https:\/\/goodbike2.goodbikestore.com\/shop\/wp-json\/wp\/v2\/product\/7881","targetHints":{"allow":["GET"]}}],"collection":[{"href":"https:\/\/goodbike2.goodbikestore.com\/shop\/wp-json\/wp\/v2\/product"}],"about":[{"href":"https:\/\/goodbike2.goodbikestore.com\/shop\/wp-json\/wp\/v2\/types\/product"}],"replies":[{"embeddable":true,"href":"https:\/\/goodbike2.goodbikestore.com\/shop\/wp-json\/wp\/v2\/comments?post=7881"}],"wp:featuredmedia":[{"embeddable":true,"href":"https:\/\/goodbike2.goodbikestore.com\/shop\/wp-json\/wp\/v2\/media\/7905"}],"wp:attachment":[{"href":"https:\/\/goodbike2.goodbikestore.com\/shop\/wp-json\/wp\/v2\/media?parent=7881"}],"wp:term":[{"taxonomy":"product_brand","embeddable":true,"href":"https:\/\/goodbike2.goodbikestore.com\/shop\/wp-json\/wp\/v2\/product_brand?post=7881"},{"taxonomy":"product_cat","embeddable":true,"href":"https:\/\/goodbike2.goodbikestore.com\/shop\/wp-json\/wp\/v2\/product_cat?post=7881"},{"taxonomy":"product_tag","embeddable":true,"href":"https:\/\/goodbike2.goodbikestore.com\/shop\/wp-json\/wp\/v2\/product_tag?post=7881"}],"curies":[{"name":"wp","href":"https:\/\/api.w.org\/{rel}","templated":true}]}}