{"id":7696,"date":"2023-08-24T19:49:33","date_gmt":"2023-08-24T19:49:33","guid":{"rendered":"https:\/\/goodbike2.goodbikestore.com\/shop\/?post_type=product&#038;p=7696"},"modified":"2023-08-24T19:49:53","modified_gmt":"2023-08-24T19:49:53","slug":"probioticos-bioflora","status":"publish","type":"product","link":"https:\/\/goodbike2.goodbikestore.com\/shop\/product\/probioticos-bioflora\/","title":{"rendered":"Probioticos bioflora"},"content":{"rendered":"","protected":false},"excerpt":{"rendered":"<p style=\"text-align: center;\">La finalidad de este probi\u00f3tico, es el restablecimiento de esta relaci\u00f3n y as\u00ed poder tener un sistema digestivo m\u00e1s sano. \u00a0Es importante tambi\u00e9n alimentar a nuestras bacterias buenas, y por eso viene adicionado con\u00a0Inulina Org\u00e1nica de Agave\u00a0como\u00a0prebi\u00f3tico. Esto lo convierte en un producto simbi\u00f3tico. Aunado a esto, contiene vitamina C, esto como un \u201cboost\u201d o refuerzo a tu sistema inmune. Todo esto en una c\u00e1psula vegana.<\/p>\n","protected":false},"featured_media":7719,"comment_status":"open","ping_status":"closed","template":"","meta":{"nf_dc_page":""},"product_brand":[],"product_cat":[37,24,38,39],"product_tag":[40],"class_list":{"0":"post-7696","1":"product","2":"type-product","3":"status-publish","4":"has-post-thumbnail","6":"product_cat-bioflora","7":"product_cat-marca","8":"product_cat-nutricion","9":"product_cat-suplementos","10":"product_tag-bioflora","12":"first","13":"outofstock","14":"taxable","15":"shipping-taxable","16":"product-type-variable"},"jetpack_sharing_enabled":true,"_links":{"self":[{"href":"https:\/\/goodbike2.goodbikestore.com\/shop\/wp-json\/wp\/v2\/product\/7696","targetHints":{"allow":["GET"]}}],"collection":[{"href":"https:\/\/goodbike2.goodbikestore.com\/shop\/wp-json\/wp\/v2\/product"}],"about":[{"href":"https:\/\/goodbike2.goodbikestore.com\/shop\/wp-json\/wp\/v2\/types\/product"}],"replies":[{"embeddable":true,"href":"https:\/\/goodbike2.goodbikestore.com\/shop\/wp-json\/wp\/v2\/comments?post=7696"}],"wp:featuredmedia":[{"embeddable":true,"href":"https:\/\/goodbike2.goodbikestore.com\/shop\/wp-json\/wp\/v2\/media\/7719"}],"wp:attachment":[{"href":"https:\/\/goodbike2.goodbikestore.com\/shop\/wp-json\/wp\/v2\/media?parent=7696"}],"wp:term":[{"taxonomy":"product_brand","embeddable":true,"href":"https:\/\/goodbike2.goodbikestore.com\/shop\/wp-json\/wp\/v2\/product_brand?post=7696"},{"taxonomy":"product_cat","embeddable":true,"href":"https:\/\/goodbike2.goodbikestore.com\/shop\/wp-json\/wp\/v2\/product_cat?post=7696"},{"taxonomy":"product_tag","embeddable":true,"href":"https:\/\/goodbike2.goodbikestore.com\/shop\/wp-json\/wp\/v2\/product_tag?post=7696"}],"curies":[{"name":"wp","href":"https:\/\/api.w.org\/{rel}","templated":true}]}}